{"id":17,"date":"2016-03-18T10:33:31","date_gmt":"2016-03-18T10:33:31","guid":{"rendered":"http:\/\/almdorf.de\/?page_id=17"},"modified":"2021-07-05T21:22:21","modified_gmt":"2021-07-05T21:22:21","slug":"kulturell","status":"publish","type":"page","link":"http:\/\/almdorf.de\/?page_id=17","title":{"rendered":"Kirche"},"content":{"rendered":"<p>Seit M\u00e4rz feiert die Kirchengemeinde Breklum regelm\u00e4\u00dfig Videogottesdienste, die \u00fcber den eigenen <a href=\"https:\/\/www.youtube.com\/channel\/UCk3DCT53g-g4DKkMfQSz6rA\" target=\"_blank\" rel=\"noopener\">Youtube-Kanal<\/a> und die Facebook-Seite \u201e<a href=\"https:\/\/www.facebook.com\/KircheBreklum\" target=\"_blank\" rel=\"noopener\">Kirche Breklum<\/a>\u201c sowie \u00fcber die Homepage <a href=\"http:\/\/www.kirche-breklum.de\" target=\"_blank\" rel=\"noopener\">www.kirche-breklum.de<\/a> abrufbar sind. Viele positive R\u00fcckmeldungen aus der Gemeinde haben den Kirchengemeinderat darin best\u00e4rkt, das Projekt fortzusetzen.<\/p>\n<p>Nachdem die ersten Videogottesdienste professionell mit Jonas Nahnsen von der Firma \u201enordicfilm\u201c produziert wurden, steht die Kirchengemeinde nun auf eigenen Beinen. Zum Drehen und Schneiden der Videos hat sich ein engagiertes Team gebildet, bestehend aus Esther Steffen, Ayk Brodersen, Lasse Brodersen, Tjark Brodersen, Fred Clausen und Bernd Hansen. Der Kirchengemeinderat spricht ihnen und Jonas Nahnsen ein gro\u00dfes Dankesch\u00f6n f\u00fcr ihren herausragenden Einsatz aus. Ebenfalls geht der Dank an zahlreiche Spender f\u00fcr dieses Projekt, privat und gewerblich, ohne deren gro\u00dfz\u00fcgige Unterst\u00fctzung dieses Angebot nicht h\u00e4tten begonnen und weitergef\u00fchrt werden k\u00f6nnen.<\/p>\n<div id=\"attachment_203\" style=\"width: 650px\" class=\"wp-caption aligncenter\"><img loading=\"lazy\" decoding=\"async\" aria-describedby=\"caption-attachment-203\" class=\"size-large wp-image-203\" src=\"http:\/\/almdorf.de\/wp-content\/uploads\/2021\/07\/Videogottesdienst_Drehtag-1024x577.jpg\" alt=\"\" width=\"640\" height=\"361\" srcset=\"http:\/\/almdorf.de\/wp-content\/uploads\/2021\/07\/Videogottesdienst_Drehtag-1024x577.jpg 1024w, http:\/\/almdorf.de\/wp-content\/uploads\/2021\/07\/Videogottesdienst_Drehtag-300x169.jpg 300w, http:\/\/almdorf.de\/wp-content\/uploads\/2021\/07\/Videogottesdienst_Drehtag-768x433.jpg 768w, http:\/\/almdorf.de\/wp-content\/uploads\/2021\/07\/Videogottesdienst_Drehtag-1536x866.jpg 1536w, http:\/\/almdorf.de\/wp-content\/uploads\/2021\/07\/Videogottesdienst_Drehtag.jpg 1600w\" sizes=\"auto, (max-width: 640px) 100vw, 640px\" \/><p id=\"caption-attachment-203\" class=\"wp-caption-text\">Klappe, die Erste&#8230;.<\/p><\/div>\n<p>Zuk\u00fcnftig werden die Videogottesdienste sonntags um 11.00 Uhr als Premiere ausgestrahlt, so dass sie in der Gemeinschaft angeschaut werden k\u00f6nnen. Nach der Erstausstrahlung sind alle Teilnehmer zum virtuellen Kirchcaf\u00e9 eingeladen. Der Link dazu findet sich in der Beschreibung des Videos bei Youtube und in dem Facebook-Post.<\/p>\n<div id=\"attachment_202\" style=\"width: 650px\" class=\"wp-caption aligncenter\"><img loading=\"lazy\" decoding=\"async\" aria-describedby=\"caption-attachment-202\" class=\"size-large wp-image-202\" src=\"http:\/\/almdorf.de\/wp-content\/uploads\/2021\/07\/Videogottesdienst_Dreh-Gitarre-1024x768.jpg\" alt=\"\" width=\"640\" height=\"480\" srcset=\"http:\/\/almdorf.de\/wp-content\/uploads\/2021\/07\/Videogottesdienst_Dreh-Gitarre-1024x768.jpg 1024w, http:\/\/almdorf.de\/wp-content\/uploads\/2021\/07\/Videogottesdienst_Dreh-Gitarre-300x225.jpg 300w, http:\/\/almdorf.de\/wp-content\/uploads\/2021\/07\/Videogottesdienst_Dreh-Gitarre-768x576.jpg 768w, http:\/\/almdorf.de\/wp-content\/uploads\/2021\/07\/Videogottesdienst_Dreh-Gitarre-1536x1152.jpg 1536w, http:\/\/almdorf.de\/wp-content\/uploads\/2021\/07\/Videogottesdienst_Dreh-Gitarre.jpg 1600w\" sizes=\"auto, (max-width: 640px) 100vw, 640px\" \/><p id=\"caption-attachment-202\" class=\"wp-caption-text\">Aufnahme l\u00e4uft &#8230;.<\/p><\/div>\n<p>Bei einer Tasse Kaffee oder Tee l\u00e4sst sich so bestens \u00fcber die Predigt schnacken, manches Lied nachwirken lassen und \u00fcber das Leben austauschen. Nach der Erstausstrahlung bleiben die Gottesdienste dauerhaft abrufbar.<\/p>\n<div id=\"attachment_200\" style=\"width: 650px\" class=\"wp-caption aligncenter\"><img loading=\"lazy\" decoding=\"async\" aria-describedby=\"caption-attachment-200\" class=\"size-large wp-image-200\" src=\"http:\/\/almdorf.de\/wp-content\/uploads\/2021\/07\/Digtales-Kirchcafe-1024x768.jpg\" alt=\"\" width=\"640\" height=\"480\" srcset=\"http:\/\/almdorf.de\/wp-content\/uploads\/2021\/07\/Digtales-Kirchcafe-1024x768.jpg 1024w, http:\/\/almdorf.de\/wp-content\/uploads\/2021\/07\/Digtales-Kirchcafe-300x225.jpg 300w, http:\/\/almdorf.de\/wp-content\/uploads\/2021\/07\/Digtales-Kirchcafe-768x576.jpg 768w, http:\/\/almdorf.de\/wp-content\/uploads\/2021\/07\/Digtales-Kirchcafe-1536x1152.jpg 1536w, http:\/\/almdorf.de\/wp-content\/uploads\/2021\/07\/Digtales-Kirchcafe.jpg 2048w\" sizes=\"auto, (max-width: 640px) 100vw, 640px\" \/><p id=\"caption-attachment-200\" class=\"wp-caption-text\">Digitales Kirchcafe<\/p><\/div>\n<p>Dies sind die n\u00e4chsten Termine: 4.7. \/ 8.8. \/ 12.9. Die Gottesdienste sind jeweils ab 11.00 Uhr online, nach der Erstausstrahlung mit virtuellem Kirchcaf\u00e9 im Anschluss.<\/p>\n","protected":false},"excerpt":{"rendered":"<p>Seit M\u00e4rz feiert die Kirchengemeinde Breklum regelm\u00e4\u00dfig Videogottesdienste, die \u00fcber den eigenen Youtube-Kanal und die Facebook-Seite \u201eKirche Breklum\u201c sowie \u00fcber die Homepage www.kirche-breklum.de abrufbar sind. Viele positive R\u00fcckmeldungen aus der Gemeinde haben den Kirchengemeinderat darin best\u00e4rkt, das Projekt fortzusetzen. Nachdem &hellip; <a href=\"http:\/\/almdorf.de\/?page_id=17\">Weiterlesen <span class=\"meta-nav\">&rarr;<\/span><\/a><\/p>\n","protected":false},"author":1,"featured_media":0,"parent":0,"menu_order":0,"comment_status":"closed","ping_status":"closed","template":"","meta":{"footnotes":""},"class_list":["post-17","page","type-page","status-publish","hentry"],"_links":{"self":[{"href":"http:\/\/almdorf.de\/index.php?rest_route=\/wp\/v2\/pages\/17","targetHints":{"allow":["GET"]}}],"collection":[{"href":"http:\/\/almdorf.de\/index.php?rest_route=\/wp\/v2\/pages"}],"about":[{"href":"http:\/\/almdorf.de\/index.php?rest_route=\/wp\/v2\/types\/page"}],"author":[{"embeddable":true,"href":"http:\/\/almdorf.de\/index.php?rest_route=\/wp\/v2\/users\/1"}],"replies":[{"embeddable":true,"href":"http:\/\/almdorf.de\/index.php?rest_route=%2Fwp%2Fv2%2Fcomments&post=17"}],"version-history":[{"count":5,"href":"http:\/\/almdorf.de\/index.php?rest_route=\/wp\/v2\/pages\/17\/revisions"}],"predecessor-version":[{"id":213,"href":"http:\/\/almdorf.de\/index.php?rest_route=\/wp\/v2\/pages\/17\/revisions\/213"}],"wp:attachment":[{"href":"http:\/\/almdorf.de\/index.php?rest_route=%2Fwp%2Fv2%2Fmedia&parent=17"}],"curies":[{"name":"wp","href":"https:\/\/api.w.org\/{rel}","templated":true}]}}

<p>Seit März feiert die Kirchengemeinde Breklum regelmäßig Videogottesdienste, die über den eigenen <a href="https://www.youtube.com/channel/UCk3DCT53g-g4DKkMfQSz6rA" target="_blank" rel="noopener">Youtube-Kanal</a> und die Facebook-Seite „<a href="https://www.facebook.com/KircheBreklum" target="_blank" rel="noopener">Kirche Breklum</a>“ sowie über die Homepage <a href="http://www.kirche-breklum.de" target="_blank" rel="noopener">www.kirche-breklum.de</a> abrufbar sind. Viele positive Rückmeldungen aus der Gemeinde haben den Kirchengemeinderat darin bestärkt, das Projekt fortzusetzen.</p>
<p>Nachdem die ersten Videogottesdienste professionell mit Jonas Nahnsen von der Firma „nordicfilm“ produziert wurden, steht die Kirchengemeinde nun auf eigenen Beinen. Zum Drehen und Schneiden der Videos hat sich ein engagiertes Team gebildet, bestehend aus Esther Steffen, Ayk Brodersen, Lasse Brodersen, Tjark Brodersen, Fred Clausen und Bernd Hansen. Der Kirchengemeinderat spricht ihnen und Jonas Nahnsen ein großes Dankeschön für ihren herausragenden Einsatz aus. Ebenfalls geht der Dank an zahlreiche Spender für dieses Projekt, privat und gewerblich, ohne deren großzügige Unterstützung dieses Angebot nicht hätten begonnen und weitergeführt werden können.</p>
<div id="attachment_203" style="width: 650px" class="wp-caption aligncenter"><img loading="lazy" decoding="async" aria-describedby="caption-attachment-203" class="size-large wp-image-203" src="http://almdorf.de/wp-content/uploads/2021/07/Videogottesdienst_Drehtag-1024x577.jpg" alt="" width="640" height="361" srcset="http://almdorf.de/wp-content/uploads/2021/07/Videogottesdienst_Drehtag-1024x577.jpg 1024w, http://almdorf.de/wp-content/uploads/2021/07/Videogottesdienst_Drehtag-300x169.jpg 300w, http://almdorf.de/wp-content/uploads/2021/07/Videogottesdienst_Drehtag-768x433.jpg 768w, http://almdorf.de/wp-content/uploads/2021/07/Videogottesdienst_Drehtag-1536x866.jpg 1536w, http://almdorf.de/wp-content/uploads/2021/07/Videogottesdienst_Drehtag.jpg 1600w" sizes="auto, (max-width: 640px) 100vw, 640px" /><p id="caption-attachment-203" class="wp-caption-text">Klappe, die Erste&#8230;.</p></div>
<p>Zukünftig werden die Videogottesdienste sonntags um 11.00 Uhr als Premiere ausgestrahlt, so dass sie in der Gemeinschaft angeschaut werden können. Nach der Erstausstrahlung sind alle Teilnehmer zum virtuellen Kirchcafé eingeladen. Der Link dazu findet sich in der Beschreibung des Videos bei Youtube und in dem Facebook-Post.</p>
<div id="attachment_202" style="width: 650px" class="wp-caption aligncenter"><img loading="lazy" decoding="async" aria-describedby="caption-attachment-202" class="size-large wp-image-202" src="http://almdorf.de/wp-content/uploads/2021/07/Videogottesdienst_Dreh-Gitarre-1024x768.jpg" alt="" width="640" height="480" srcset="http://almdorf.de/wp-content/uploads/2021/07/Videogottesdienst_Dreh-Gitarre-1024x768.jpg 1024w, http://almdorf.de/wp-content/uploads/2021/07/Videogottesdienst_Dreh-Gitarre-300x225.jpg 300w, http://almdorf.de/wp-content/uploads/2021/07/Videogottesdienst_Dreh-Gitarre-768x576.jpg 768w, http://almdorf.de/wp-content/uploads/2021/07/Videogottesdienst_Dreh-Gitarre-1536x1152.jpg 1536w, http://almdorf.de/wp-content/uploads/2021/07/Videogottesdienst_Dreh-Gitarre.jpg 1600w" sizes="auto, (max-width: 640px) 100vw, 640px" /><p id="caption-attachment-202" class="wp-caption-text">Aufnahme läuft &#8230;.</p></div>
<p>Bei einer Tasse Kaffee oder Tee lässt sich so bestens über die Predigt schnacken, manches Lied nachwirken lassen und über das Leben austauschen. Nach der Erstausstrahlung bleiben die Gottesdienste dauerhaft abrufbar.</p>
<div id="attachment_200" style="width: 650px" class="wp-caption aligncenter"><img loading="lazy" decoding="async" aria-describedby="caption-attachment-200" class="size-large wp-image-200" src="http://almdorf.de/wp-content/uploads/2021/07/Digtales-Kirchcafe-1024x768.jpg" alt="" width="640" height="480" srcset="http://almdorf.de/wp-content/uploads/2021/07/Digtales-Kirchcafe-1024x768.jpg 1024w, http://almdorf.de/wp-content/uploads/2021/07/Digtales-Kirchcafe-300x225.jpg 300w, http://almdorf.de/wp-content/uploads/2021/07/Digtales-Kirchcafe-768x576.jpg 768w, http://almdorf.de/wp-content/uploads/2021/07/Digtales-Kirchcafe-1536x1152.jpg 1536w, http://almdorf.de/wp-content/uploads/2021/07/Digtales-Kirchcafe.jpg 2048w" sizes="auto, (max-width: 640px) 100vw, 640px" /><p id="caption-attachment-200" class="wp-caption-text">Digitales Kirchcafe</p></div>
<p>Dies sind die nächsten Termine: 4.7. / 8.8. / 12.9. Die Gottesdienste sind jeweils ab 11.00 Uhr online, nach der Erstausstrahlung mit virtuellem Kirchcafé im Anschluss.</p>

<p>Seit März feiert die Kirchengemeinde Breklum regelmäßig Videogottesdienste, die über den eigenen Youtube-Kanal und die Facebook-Seite „Kirche Breklum“ sowie über die Homepage www.kirche-breklum.de abrufbar sind. Viele positive Rückmeldungen aus der Gemeinde haben den Kirchengemeinderat darin bestärkt, das Projekt fortzusetzen. Nachdem &hellip; <a href="http://almdorf.de/?page_id=17">Weiterlesen <span class="meta-nav">&rarr;</span></a></p>
