{"id":19,"date":"2016-03-18T10:36:12","date_gmt":"2016-03-18T10:36:12","guid":{"rendered":"http:\/\/almdorf.de\/?page_id=19"},"modified":"2018-06-22T08:38:23","modified_gmt":"2018-06-22T08:38:23","slug":"unsere-feuerwehr","status":"publish","type":"page","link":"http:\/\/almdorf.de\/?page_id=19","title":{"rendered":"Unsere Feuerwehr"},"content":{"rendered":"<p><strong>Herzlich willkommen auf der Seite der Freiwilligen Feuerwehr Almdorf.<\/strong><\/p>\n<p>&nbsp;<\/p>\n<p>Hier m\u00f6chten wir uns kurz vorstellen und Ihnen einen kleinen \u00dcberblick \u00fcber die Freiwillige Feuerwehr Almdorf erm\u00f6glichen.<\/p>\n<p>Aktuelle Informationen entnehmen Sie bitte unserer frei verf\u00fcgbaren Facebook Seite. Diese k\u00f6nnen Sie auch aufrufen ohne selbst bei Facebook als Nutzer registriert zu sein. Sie finden dort Informationen zu Eins\u00e4tzen, Ausfl\u00fcgen, Veranstaltungen und weiteren Aktivit\u00e4ten oder Wissenswerten.<\/p>\n<p><a href=\"https:\/\/www.facebook.com\/FF.Almdorf\/\">https:\/\/www.facebook.com\/FF.Almdorf\/<\/a><\/p>\n<p>Die Freiwillige Feuerwehr Almdorf wurde 1889 im Rahmen damaliger Neuregelungen des Brandschutzwesens gegr\u00fcndet. Im Laufe der Zeit mussten die Freiwilligen Feuerwehrleute zu verschiedensten Ernsteins\u00e4tzen, egal ob Tag oder Nacht, ausr\u00fccken. Neben unz\u00e4hligen \u00dcbungsabenden wurden im Laufe der Zeit auch verschiedene Leistungsnachweise mit den entsprechenden Abzeichen erbracht. Die geleisteten Stunden bei \u00dcbungsabenden in unserer fast 130j\u00e4hrigen Geschichte sind kaum z\u00e4hlbar.<\/p>\n<p><a href=\"http:\/\/almdorf.de\/?attachment_id=22\" rel=\"attachment wp-att-22\"><img loading=\"lazy\" decoding=\"async\" class=\"alignleft size-thumbnail wp-image-22\" src=\"http:\/\/almdorf.de\/wp-content\/uploads\/2016\/03\/DSC0521-1_ShiftN-150x150.jpg\" alt=\"\" width=\"150\" height=\"150\" \/><\/a><\/p>\n<p>Aktuell z\u00e4hlt die Freiwillige Feuerwehr Almdorf 80 Mitglieder. Im Einzelnen haben wir 37 aktive, 9 Ehrenmitglieder und 34 F\u00f6rdernde Mitglieder.<\/p>\n<p>&nbsp;<\/p>\n<p>&nbsp;<\/p>\n<p><a href=\"http:\/\/almdorf.de\/?attachment_id=23\" rel=\"attachment wp-att-23\"><img loading=\"lazy\" decoding=\"async\" class=\"alignleft size-thumbnail wp-image-23\" src=\"http:\/\/almdorf.de\/wp-content\/uploads\/2016\/03\/Uwe-neu-150x150.jpg\" alt=\"\" width=\"150\" height=\"150\" \/><\/a>Geleitet wird die Feuerwehr von unserem Wehrf\u00fchrer Uwe S\u00f6nksen, Tel. 04671\/5614<br \/>\nUnterst\u00fctz wird der Wehrf\u00fchrer durch den gew\u00e4hlten Vorstand.<\/p>\n<p>&nbsp;<\/p>\n<p>&nbsp;<\/p>\n<p><strong>Aktuell besteht der Vorstand aus folgenden Personen<\/strong>:<br \/>\n<a href=\"http:\/\/almdorf.de\/?attachment_id=99\" rel=\"attachment wp-att-99\"><img loading=\"lazy\" decoding=\"async\" class=\"alignleft size-medium wp-image-99\" src=\"http:\/\/almdorf.de\/wp-content\/uploads\/2018\/06\/Vorstand-300x200.jpg\" alt=\"\" width=\"300\" height=\"200\" srcset=\"http:\/\/almdorf.de\/wp-content\/uploads\/2018\/06\/Vorstand-300x200.jpg 300w, http:\/\/almdorf.de\/wp-content\/uploads\/2018\/06\/Vorstand-768x512.jpg 768w, http:\/\/almdorf.de\/wp-content\/uploads\/2018\/06\/Vorstand-1024x683.jpg 1024w\" sizes=\"auto, (max-width: 300px) 100vw, 300px\" \/><\/a>&#8211; Wehrf\u00fchrer Uwe S\u00f6nksen<br \/>\n&#8211; Stellvertretender Wehrf\u00fchrer Siegfried Friedrichsen<br \/>\n&#8211; Gruppenf\u00fchrer Tobias Maeck<br \/>\n&#8211; Gruppenf\u00fchrer Janne Clausen<br \/>\n&#8211; Kassenwart Thorsten Dethlefsen<br \/>\n&#8211; Schriftf\u00fchrerin Martina Jebe<br \/>\n&#8211; Ger\u00e4tewart Christian Wegner<br \/>\n&#8211; Sicherheitsbeauftragter Dennis Heinrich<\/p>\n<p>Nach langer Vorbereitung wurde im Fr\u00fchjahr 2018 der Auftrag f\u00fcr ein neues Fahrzeug durch die Gemeindevertretung erteilt. Unser aktuelles Fahrzeug, ein Tragkraftspritzenfahrzeug, kann somit 2019 nach 30j\u00e4hriger Dienstzeit in den verdienten Ruhestand gehen. <a href=\"http:\/\/almdorf.de\/?attachment_id=97\" rel=\"attachment wp-att-97\"><img loading=\"lazy\" decoding=\"async\" class=\"alignleft size-thumbnail wp-image-97\" src=\"http:\/\/almdorf.de\/wp-content\/uploads\/2018\/06\/Aktuelles-Fahrzeug-150x150.jpg\" alt=\"\" width=\"150\" height=\"150\" \/><\/a><\/p>\n<p>Mit dem neuen TSF-W, ein Tragkraftspritzenfahrzeug mit einem 1000 Liter Wassertank und bedeutend mehr Technischem Ger\u00e4t, bietet mehr Platz und einen bedeutend h\u00f6heren taktischen Wert. Wir freuen uns sehr auf das neue Fahrzeug.<\/p>\n<p>Wir freuen uns \u00fcber jeden Neuzugang als aktives oder F\u00f6rderndes Mitglied der Freiwilligen Feuerwehr. Wer sich gerne einmal ansehen m\u00f6chte ob die Feuerwehr vielleicht auch etwas f\u00fcr Ihn w\u00e4re, darf sich gerne eingeladen f\u00fchlen, sich einmal einen Dienstabend anzusehen. Wir treffen uns in der Regel an jedem 1.Dienstag des Monats um 20 Uhr am Ger\u00e4tehaus in Almdorf.<\/p>\n<p>&nbsp;<\/p>\n","protected":false},"excerpt":{"rendered":"<p>Herzlich willkommen auf der Seite der Freiwilligen Feuerwehr Almdorf. &nbsp; Hier m\u00f6chten wir uns kurz vorstellen und Ihnen einen kleinen \u00dcberblick \u00fcber die Freiwillige Feuerwehr Almdorf erm\u00f6glichen. Aktuelle Informationen entnehmen Sie bitte unserer frei verf\u00fcgbaren Facebook Seite. Diese k\u00f6nnen Sie &hellip; <a href=\"http:\/\/almdorf.de\/?page_id=19\">Weiterlesen <span class=\"meta-nav\">&rarr;<\/span><\/a><\/p>\n","protected":false},"author":1,"featured_media":0,"parent":0,"menu_order":0,"comment_status":"closed","ping_status":"closed","template":"","meta":{"footnotes":""},"class_list":["post-19","page","type-page","status-publish","hentry"],"_links":{"self":[{"href":"http:\/\/almdorf.de\/index.php?rest_route=\/wp\/v2\/pages\/19","targetHints":{"allow":["GET"]}}],"collection":[{"href":"http:\/\/almdorf.de\/index.php?rest_route=\/wp\/v2\/pages"}],"about":[{"href":"http:\/\/almdorf.de\/index.php?rest_route=\/wp\/v2\/types\/page"}],"author":[{"embeddable":true,"href":"http:\/\/almdorf.de\/index.php?rest_route=\/wp\/v2\/users\/1"}],"replies":[{"embeddable":true,"href":"http:\/\/almdorf.de\/index.php?rest_route=%2Fwp%2Fv2%2Fcomments&post=19"}],"version-history":[{"count":5,"href":"http:\/\/almdorf.de\/index.php?rest_route=\/wp\/v2\/pages\/19\/revisions"}],"predecessor-version":[{"id":102,"href":"http:\/\/almdorf.de\/index.php?rest_route=\/wp\/v2\/pages\/19\/revisions\/102"}],"wp:attachment":[{"href":"http:\/\/almdorf.de\/index.php?rest_route=%2Fwp%2Fv2%2Fmedia&parent=19"}],"curies":[{"name":"wp","href":"https:\/\/api.w.org\/{rel}","templated":true}]}}

<p><strong>Herzlich willkommen auf der Seite der Freiwilligen Feuerwehr Almdorf.</strong></p>
<p>&nbsp;</p>
<p>Hier möchten wir uns kurz vorstellen und Ihnen einen kleinen Überblick über die Freiwillige Feuerwehr Almdorf ermöglichen.</p>
<p>Aktuelle Informationen entnehmen Sie bitte unserer frei verfügbaren Facebook Seite. Diese können Sie auch aufrufen ohne selbst bei Facebook als Nutzer registriert zu sein. Sie finden dort Informationen zu Einsätzen, Ausflügen, Veranstaltungen und weiteren Aktivitäten oder Wissenswerten.</p>
<p><a href="https://www.facebook.com/FF.Almdorf/">https://www.facebook.com/FF.Almdorf/</a></p>
<p>Die Freiwillige Feuerwehr Almdorf wurde 1889 im Rahmen damaliger Neuregelungen des Brandschutzwesens gegründet. Im Laufe der Zeit mussten die Freiwilligen Feuerwehrleute zu verschiedensten Ernsteinsätzen, egal ob Tag oder Nacht, ausrücken. Neben unzähligen Übungsabenden wurden im Laufe der Zeit auch verschiedene Leistungsnachweise mit den entsprechenden Abzeichen erbracht. Die geleisteten Stunden bei Übungsabenden in unserer fast 130jährigen Geschichte sind kaum zählbar.</p>
<p><a href="http://almdorf.de/?attachment_id=22" rel="attachment wp-att-22"><img loading="lazy" decoding="async" class="alignleft size-thumbnail wp-image-22" src="http://almdorf.de/wp-content/uploads/2016/03/DSC0521-1_ShiftN-150x150.jpg" alt="" width="150" height="150" /></a></p>
<p>Aktuell zählt die Freiwillige Feuerwehr Almdorf 80 Mitglieder. Im Einzelnen haben wir 37 aktive, 9 Ehrenmitglieder und 34 Fördernde Mitglieder.</p>
<p>&nbsp;</p>
<p>&nbsp;</p>
<p><a href="http://almdorf.de/?attachment_id=23" rel="attachment wp-att-23"><img loading="lazy" decoding="async" class="alignleft size-thumbnail wp-image-23" src="http://almdorf.de/wp-content/uploads/2016/03/Uwe-neu-150x150.jpg" alt="" width="150" height="150" /></a>Geleitet wird die Feuerwehr von unserem Wehrführer Uwe Sönksen, Tel. 04671/5614<br />
Unterstütz wird der Wehrführer durch den gewählten Vorstand.</p>
<p>&nbsp;</p>
<p>&nbsp;</p>
<p><strong>Aktuell besteht der Vorstand aus folgenden Personen</strong>:<br />
<a href="http://almdorf.de/?attachment_id=99" rel="attachment wp-att-99"><img loading="lazy" decoding="async" class="alignleft size-medium wp-image-99" src="http://almdorf.de/wp-content/uploads/2018/06/Vorstand-300x200.jpg" alt="" width="300" height="200" srcset="http://almdorf.de/wp-content/uploads/2018/06/Vorstand-300x200.jpg 300w, http://almdorf.de/wp-content/uploads/2018/06/Vorstand-768x512.jpg 768w, http://almdorf.de/wp-content/uploads/2018/06/Vorstand-1024x683.jpg 1024w" sizes="auto, (max-width: 300px) 100vw, 300px" /></a>&#8211; Wehrführer Uwe Sönksen<br />
&#8211; Stellvertretender Wehrführer Siegfried Friedrichsen<br />
&#8211; Gruppenführer Tobias Maeck<br />
&#8211; Gruppenführer Janne Clausen<br />
&#8211; Kassenwart Thorsten Dethlefsen<br />
&#8211; Schriftführerin Martina Jebe<br />
&#8211; Gerätewart Christian Wegner<br />
&#8211; Sicherheitsbeauftragter Dennis Heinrich</p>
<p>Nach langer Vorbereitung wurde im Frühjahr 2018 der Auftrag für ein neues Fahrzeug durch die Gemeindevertretung erteilt. Unser aktuelles Fahrzeug, ein Tragkraftspritzenfahrzeug, kann somit 2019 nach 30jähriger Dienstzeit in den verdienten Ruhestand gehen. <a href="http://almdorf.de/?attachment_id=97" rel="attachment wp-att-97"><img loading="lazy" decoding="async" class="alignleft size-thumbnail wp-image-97" src="http://almdorf.de/wp-content/uploads/2018/06/Aktuelles-Fahrzeug-150x150.jpg" alt="" width="150" height="150" /></a></p>
<p>Mit dem neuen TSF-W, ein Tragkraftspritzenfahrzeug mit einem 1000 Liter Wassertank und bedeutend mehr Technischem Gerät, bietet mehr Platz und einen bedeutend höheren taktischen Wert. Wir freuen uns sehr auf das neue Fahrzeug.</p>
<p>Wir freuen uns über jeden Neuzugang als aktives oder Förderndes Mitglied der Freiwilligen Feuerwehr. Wer sich gerne einmal ansehen möchte ob die Feuerwehr vielleicht auch etwas für Ihn wäre, darf sich gerne eingeladen fühlen, sich einmal einen Dienstabend anzusehen. Wir treffen uns in der Regel an jedem 1.Dienstag des Monats um 20 Uhr am Gerätehaus in Almdorf.</p>
<p>&nbsp;</p>

<p>Herzlich willkommen auf der Seite der Freiwilligen Feuerwehr Almdorf. &nbsp; Hier möchten wir uns kurz vorstellen und Ihnen einen kleinen Überblick über die Freiwillige Feuerwehr Almdorf ermöglichen. Aktuelle Informationen entnehmen Sie bitte unserer frei verfügbaren Facebook Seite. Diese können Sie &hellip; <a href="http://almdorf.de/?page_id=19">Weiterlesen <span class="meta-nav">&rarr;</span></a></p>
