{"id":2,"date":"2016-02-03T04:08:41","date_gmt":"2016-02-03T04:08:41","guid":{"rendered":"http:\/\/wp442m.a10-52-158-154.qa.plesk.ru\/wordpress\/?page_id=2"},"modified":"2024-02-04T18:18:38","modified_gmt":"2024-02-04T18:18:38","slug":"sample-page","status":"publish","type":"page","link":"http:\/\/almdorf.de\/?page_id=2","title":{"rendered":"politisch"},"content":{"rendered":"\n<p>Zusammensetzung der Gemeindevertretung in der Legislatur 2023 &#8211; 2028 (mit Nennung der Aussch\u00fcsse : Kultur- und Sport &#8211; Finanzen &#8211; Bau &amp; Wege<\/p>\n\n\n\n<figure class=\"wp-block-image size-full is-resized\"><img loading=\"lazy\" decoding=\"async\" width=\"817\" height=\"204\" src=\"http:\/\/almdorf.de\/wp-content\/uploads\/2024\/02\/image.png\" alt=\"\" class=\"wp-image-335\" style=\"width:869px;height:auto\" srcset=\"http:\/\/almdorf.de\/wp-content\/uploads\/2024\/02\/image.png 817w, http:\/\/almdorf.de\/wp-content\/uploads\/2024\/02\/image-300x75.png 300w, http:\/\/almdorf.de\/wp-content\/uploads\/2024\/02\/image-768x192.png 768w\" sizes=\"auto, (max-width: 817px) 100vw, 817px\" \/><\/figure>\n\n\n\n<p><\/p>\n\n\n<p><strong>Die W\u00e4hlerversammlung am 20.Februar 2023 hat stattgefunden<\/strong> und folgende Kandidaten f\u00fcr die Liste der WGA bestimmt:<\/p>\n<p><img loading=\"lazy\" decoding=\"async\" class=\"aligncenter  wp-image-291\" src=\"http:\/\/almdorf.de\/wp-content\/uploads\/2023\/02\/PXL_20230220_195144606-771x1024.jpg\" alt=\"\" width=\"521\" height=\"692\" srcset=\"http:\/\/almdorf.de\/wp-content\/uploads\/2023\/02\/PXL_20230220_195144606-771x1024.jpg 771w, http:\/\/almdorf.de\/wp-content\/uploads\/2023\/02\/PXL_20230220_195144606-226x300.jpg 226w, http:\/\/almdorf.de\/wp-content\/uploads\/2023\/02\/PXL_20230220_195144606-768x1020.jpg 768w, http:\/\/almdorf.de\/wp-content\/uploads\/2023\/02\/PXL_20230220_195144606-1157x1536.jpg 1157w, http:\/\/almdorf.de\/wp-content\/uploads\/2023\/02\/PXL_20230220_195144606-1542x2048.jpg 1542w, http:\/\/almdorf.de\/wp-content\/uploads\/2023\/02\/PXL_20230220_195144606-scaled.jpg 1928w\" sizes=\"auto, (max-width: 521px) 100vw, 521px\" \/><\/p>\n<p><strong>F\u00fcr die am 14. Mai 2023 stattfindende Kommunalwahl haben die Planungen begonnen<\/strong>.<\/p>\n<p>Einige der derzeit gew\u00e4hlten Vertreterinnen und Vertreter in unserer Gemeindevertretung haben angek\u00fcndigt, dass sie nicht erneut zur Wahl antreten.<\/p>\n<p>Der Vorstand der W\u00e4hlergemeinschaft Almdorf (Nadine Jensen als Schriftf\u00fchrerin, Olaf Held als stellvertretender Vorsitzender sowie Henning G\u00f6mer als Vorsitzender)\u00a0 bereiten derzeit einer Versammlung der W\u00e4hlergemeinschaft Almdorf vor. Almdorf soll seine politischen, finanziellen und kulturellen Interessen weiterhin selbst wahrnehmen, so die einhellige Meinung der Drei.<\/p>\n<p>Derzeit wird eine Einladung f\u00fcr die kommende Versammlung der W\u00e4hlergemeinschaft Almdorf vorbereitet.<\/p>\n<p>Diese wird am 20. Februar um 19:30 Uhr im D\u00f6rpshus stattfnden.<\/p>\n<p>\u201eOhne eine eigenst\u00e4ndige Interessensvertretung durch uns Almdorfer selbst w\u00e4ren die Interessen unserer Dorfgemeinschaft zuk\u00fcnftig sehr viel schwieriger umzusetzen\u201c, ist sich B\u00fcrgermeister Olaf Held sicher.<\/p>\n<p>Die Aufgaben der Gemeindevertretung gliedern sich haupts\u00e4chlich in die Themen Finanzen, Bau- und Wegeangelegenheiten, sowie Kultur und Sport.<\/p>\n<p>Wer Interesse an einer zuk\u00fcnftigen aktiven Mitarbeit in der Almdorfer Kommunalpolitik hat, m\u00f6ge sich bitte unbedingt den o.g. Termin der Versammlung der W\u00e4hlergemeinschaft Almdorf mit Kandidatenaufstellung f\u00fcr die Gemeindevertretung schon jetzt notieren und nach M\u00f6glichkeit auch zu der Versammlung erscheinen.<\/p>\n<p>Henning G\u00f6mer<\/p>\n<p>W\u00e4hlergemeinschaft Almdorf<\/p>\n<p><strong>Susanne Hansen verst\u00e4rkt seit Oktober 2019 die Gemeindevertretung Almdorf.<\/strong> Frances Reuther hatte Ihren R\u00fcckzug aus der Almdorfer Gemeindepolitik erkl\u00e4rt.<br \/>\nSusanne Hansen ist neues Mitglied im Kulturausschuss.<\/p>\n<div id=\"attachment_160\" style=\"width: 235px\" class=\"wp-caption aligncenter\"><img loading=\"lazy\" decoding=\"async\" aria-describedby=\"caption-attachment-160\" class=\"size-medium wp-image-160\" src=\"http:\/\/almdorf.de\/wp-content\/uploads\/2020\/01\/Susanne-Hansen-Vereidigung-e1579305427216-225x300.jpg\" alt=\"\" width=\"225\" height=\"300\" srcset=\"http:\/\/almdorf.de\/wp-content\/uploads\/2020\/01\/Susanne-Hansen-Vereidigung-e1579305427216-225x300.jpg 225w, http:\/\/almdorf.de\/wp-content\/uploads\/2020\/01\/Susanne-Hansen-Vereidigung-e1579305427216-768x1024.jpg 768w\" sizes=\"auto, (max-width: 225px) 100vw, 225px\" \/><p id=\"caption-attachment-160\" class=\"wp-caption-text\">Susanne Hansen bei der Vereidung durch B\u00fcrgermeister Olaf Held<\/p><\/div>\n<p><strong>Torben Sterner ist das neue Gesicht in der Almdorfer Gemeindevertretung.<\/strong> Er wurde in der j\u00fcngsten Sitzung der Gemeindevertretung Almdorf am 21.08.2019 in das Gremium berufen, da mit dem Wegzug des bisherigen 2. Stellvertretenden B\u00fcrgermeisters Janne Clausen ein Nachr\u00fccker gebraucht wurde. Janne Clausen war au\u00dferdem Mitglied des Bau- und Wegeausschusses, des Kulturausschusses, sowie Stellvertretender Obmann f\u00fcr den Wasserverband Oeversee.<\/p>\n<div id=\"attachment_148\" style=\"width: 235px\" class=\"wp-caption aligncenter\"><img loading=\"lazy\" decoding=\"async\" aria-describedby=\"caption-attachment-148\" class=\"size-medium wp-image-148\" src=\"http:\/\/almdorf.de\/wp-content\/uploads\/2019\/08\/Olaf-Held-Torben-Sterner-v.l.-e1567198083443-225x300.jpg\" alt=\"\" width=\"225\" height=\"300\" srcset=\"http:\/\/almdorf.de\/wp-content\/uploads\/2019\/08\/Olaf-Held-Torben-Sterner-v.l.-e1567198083443-225x300.jpg 225w, http:\/\/almdorf.de\/wp-content\/uploads\/2019\/08\/Olaf-Held-Torben-Sterner-v.l.-e1567198083443-768x1024.jpg 768w\" sizes=\"auto, (max-width: 225px) 100vw, 225px\" \/><p id=\"caption-attachment-148\" class=\"wp-caption-text\">Unser B\u00fcrgermeister Olaf Held (l) mit Torben Sterner.<\/p><\/div>\n<p><a href=\"http:\/\/almdorf.de\/?attachment_id=84\" rel=\"attachment wp-att-84\"><img loading=\"lazy\" decoding=\"async\" class=\"alignleft size-thumbnail wp-image-84\" src=\"http:\/\/almdorf.de\/wp-content\/uploads\/2018\/06\/P1020080-e1529139837176-150x150.jpg\" alt=\"\" width=\"150\" height=\"150\" \/><\/a><strong>Neue Gesichter in Almdorfer Gemeindevertretung<\/strong><\/p>\n<p>Mit der konstituierenden Sitzung am 12.06.2018 hat Almdorf eine nahezu komplett runderneuerte Gemeindevertretung.<\/p>\n<p>Neuer B\u00fcrgermeister ist Olaf Held (siehe Foto links), der Werner Sutter nach 25 Jahren im Amt des B\u00fcrgermeisters nachfolgt. <span style=\"background-color: transparent; color: #444444; display: inline; float: none; font-family: Georgia,&amp;quot; bitstream charter&amp;quot;,serif; font-size: 16px; font-style: normal; font-variant: normal; font-weight: 400; letter-spacing: normal; line-height: 24px; orphans: 2; text-align: left; text-decoration: none; text-indent: 0px; text-transform: none; -webkit-text-stroke-width: 0px; white-space: normal; word-spacing: 0px;\">Gew\u00e4hlt in Ihre zuk\u00fcnftigen Aufgaben als erster und zweiter stellvertretender B\u00fcrgermeister wurden ferner Stefan Jebe und Janne Clausen.<\/span><\/p>\n<p>Olaf Held steht ebenfalls dem zuk\u00fcnftigen Finanzausschuss vor, der von Henning G\u00f6mer, Dirk Jensen und Michael Drews komplettiert wird.<\/p>\n<p>Den Vorsitz des Bau- und Wegeausschusses \u00fcbernimmt Max S\u00f6nksen. Stefan Jebe, Janne Clausen und Michael Drews sind die weiteren Mitglieder dieses Ausschusses. Max S\u00f6nksen wird die Gemeinde auch bei den Versammlungen des Wasserverbands Nord in Oeversee vertreten.<\/p>\n<p>Vorsitzende des Kultur- und Sportausschuss sowie Vertreterin Almdorfs im Orts- und Kulturring ist Ivonne Wieczorek. Weitere Mitglieder des Kultur- und Sportausschusses sind Janne Clausen und Franc\u00e9s Reuther.<\/p>\n<p>Franc\u00e9s Reuther wurde in den P\u00e4dagogischen Beirat des Kindergartens Struckum berufen, Henning G\u00f6mer wechselt aus diesem in den Kindergarten Finanzausschuss.<\/p>\n<div id=\"attachment_77\" style=\"width: 650px\" class=\"wp-caption alignnone\"><a href=\"http:\/\/almdorf.de\/?attachment_id=77\" rel=\"attachment wp-att-77\"><img loading=\"lazy\" decoding=\"async\" aria-describedby=\"caption-attachment-77\" class=\"wp-image-77 size-large\" src=\"http:\/\/almdorf.de\/wp-content\/uploads\/2018\/06\/P1020078-1024x768.jpg\" alt=\"\" width=\"640\" height=\"480\" srcset=\"http:\/\/almdorf.de\/wp-content\/uploads\/2018\/06\/P1020078-1024x768.jpg 1024w, http:\/\/almdorf.de\/wp-content\/uploads\/2018\/06\/P1020078-300x225.jpg 300w, http:\/\/almdorf.de\/wp-content\/uploads\/2018\/06\/P1020078-768x576.jpg 768w\" sizes=\"auto, (max-width: 640px) 100vw, 640px\" \/><\/a><p id=\"caption-attachment-77\" class=\"wp-caption-text\">(von links: Michael Drews, Stefan Jebe, Ivonne Wieczorek, Henning G\u00f6mer, Max S\u00f6nksen, Franc\u00e9s Reuther, Dirk Jensen, Janne Clausen, Olaf Held).<\/p><\/div>\n<p>Mit der Neubesetzung der Almdorfer Gemeindevertretung -Mit Stefan Jebe und Henning G\u00f6mer sind lediglich zwei aus der bisherigen Legislaturperiode noch dabei &#8211; sind acht bisherige Mitglieder ausgeschieden. Im Rahmen der konstituierenden Sitzung wurden diese geb\u00fchrend durch unseren Neu-B\u00fcrgermeister Olaf Held verabschiedet.<\/p>\n<p><a href=\"http:\/\/almdorf.de\/?attachment_id=76\" rel=\"attachment wp-att-76\"><img loading=\"lazy\" decoding=\"async\" class=\"alignleft size-medium wp-image-76\" src=\"http:\/\/almdorf.de\/wp-content\/uploads\/2018\/06\/P1020076-300x225.jpg\" alt=\"\" width=\"300\" height=\"225\" srcset=\"http:\/\/almdorf.de\/wp-content\/uploads\/2018\/06\/P1020076-300x225.jpg 300w, http:\/\/almdorf.de\/wp-content\/uploads\/2018\/06\/P1020076-768x576.jpg 768w, http:\/\/almdorf.de\/wp-content\/uploads\/2018\/06\/P1020076-1024x768.jpg 1024w\" sizes=\"auto, (max-width: 300px) 100vw, 300px\" \/><\/a><\/p>\n<p>(von links: Werner Sutter, Dirk Henning Th\u00f6nsen, Wolfgang Grapentin, Tobias Maeck, Irmgard Kutzbach, Helmut Kaiser, Jens-Heinrich Hansen; Es fehlt Nadine Jensen)<\/p>","protected":false},"excerpt":{"rendered":"<p>Zusammensetzung der Gemeindevertretung in der Legislatur 2023 &#8211; 2028 (mit Nennung der Aussch\u00fcsse : Kultur- und Sport &#8211; Finanzen &#8211; Bau &amp; Wege Die W\u00e4hlerversammlung am 20.Februar 2023 hat stattgefunden und folgende Kandidaten f\u00fcr die Liste der WGA bestimmt: F\u00fcr &hellip; <a href=\"http:\/\/almdorf.de\/?page_id=2\">Weiterlesen <span class=\"meta-nav\">&rarr;<\/span><\/a><\/p>\n","protected":false},"author":1,"featured_media":0,"parent":0,"menu_order":0,"comment_status":"closed","ping_status":"open","template":"","meta":{"footnotes":""},"class_list":["post-2","page","type-page","status-publish","hentry"],"_links":{"self":[{"href":"http:\/\/almdorf.de\/index.php?rest_route=\/wp\/v2\/pages\/2","targetHints":{"allow":["GET"]}}],"collection":[{"href":"http:\/\/almdorf.de\/index.php?rest_route=\/wp\/v2\/pages"}],"about":[{"href":"http:\/\/almdorf.de\/index.php?rest_route=\/wp\/v2\/types\/page"}],"author":[{"embeddable":true,"href":"http:\/\/almdorf.de\/index.php?rest_route=\/wp\/v2\/users\/1"}],"replies":[{"embeddable":true,"href":"http:\/\/almdorf.de\/index.php?rest_route=%2Fwp%2Fv2%2Fcomments&post=2"}],"version-history":[{"count":28,"href":"http:\/\/almdorf.de\/index.php?rest_route=\/wp\/v2\/pages\/2\/revisions"}],"predecessor-version":[{"id":336,"href":"http:\/\/almdorf.de\/index.php?rest_route=\/wp\/v2\/pages\/2\/revisions\/336"}],"wp:attachment":[{"href":"http:\/\/almdorf.de\/index.php?rest_route=%2Fwp%2Fv2%2Fmedia&parent=2"}],"curies":[{"name":"wp","href":"https:\/\/api.w.org\/{rel}","templated":true}]}}

<p>Zusammensetzung der Gemeindevertretung in der Legislatur 2023 &#8211; 2028 (mit Nennung der Ausschüsse : Kultur- und Sport &#8211; Finanzen &#8211; Bau &amp; Wege</p>



<figure class="wp-block-image size-full is-resized"><img loading="lazy" decoding="async" width="817" height="204" src="http://almdorf.de/wp-content/uploads/2024/02/image.png" alt="" class="wp-image-335" style="width:869px;height:auto" srcset="http://almdorf.de/wp-content/uploads/2024/02/image.png 817w, http://almdorf.de/wp-content/uploads/2024/02/image-300x75.png 300w, http://almdorf.de/wp-content/uploads/2024/02/image-768x192.png 768w" sizes="auto, (max-width: 817px) 100vw, 817px" /></figure>



<p></p>


<p><strong>Die Wählerversammlung am 20.Februar 2023 hat stattgefunden</strong> und folgende Kandidaten für die Liste der WGA bestimmt:</p>
<p><img loading="lazy" decoding="async" class="aligncenter  wp-image-291" src="http://almdorf.de/wp-content/uploads/2023/02/PXL_20230220_195144606-771x1024.jpg" alt="" width="521" height="692" srcset="http://almdorf.de/wp-content/uploads/2023/02/PXL_20230220_195144606-771x1024.jpg 771w, http://almdorf.de/wp-content/uploads/2023/02/PXL_20230220_195144606-226x300.jpg 226w, http://almdorf.de/wp-content/uploads/2023/02/PXL_20230220_195144606-768x1020.jpg 768w, http://almdorf.de/wp-content/uploads/2023/02/PXL_20230220_195144606-1157x1536.jpg 1157w, http://almdorf.de/wp-content/uploads/2023/02/PXL_20230220_195144606-1542x2048.jpg 1542w, http://almdorf.de/wp-content/uploads/2023/02/PXL_20230220_195144606-scaled.jpg 1928w" sizes="auto, (max-width: 521px) 100vw, 521px" /></p>
<p><strong>Für die am 14. Mai 2023 stattfindende Kommunalwahl haben die Planungen begonnen</strong>.</p>
<p>Einige der derzeit gewählten Vertreterinnen und Vertreter in unserer Gemeindevertretung haben angekündigt, dass sie nicht erneut zur Wahl antreten.</p>
<p>Der Vorstand der Wählergemeinschaft Almdorf (Nadine Jensen als Schriftführerin, Olaf Held als stellvertretender Vorsitzender sowie Henning Gömer als Vorsitzender)  bereiten derzeit einer Versammlung der Wählergemeinschaft Almdorf vor. Almdorf soll seine politischen, finanziellen und kulturellen Interessen weiterhin selbst wahrnehmen, so die einhellige Meinung der Drei.</p>
<p>Derzeit wird eine Einladung für die kommende Versammlung der Wählergemeinschaft Almdorf vorbereitet.</p>
<p>Diese wird am 20. Februar um 19:30 Uhr im Dörpshus stattfnden.</p>
<p>„Ohne eine eigenständige Interessensvertretung durch uns Almdorfer selbst wären die Interessen unserer Dorfgemeinschaft zukünftig sehr viel schwieriger umzusetzen“, ist sich Bürgermeister Olaf Held sicher.</p>
<p>Die Aufgaben der Gemeindevertretung gliedern sich hauptsächlich in die Themen Finanzen, Bau- und Wegeangelegenheiten, sowie Kultur und Sport.</p>
<p>Wer Interesse an einer zukünftigen aktiven Mitarbeit in der Almdorfer Kommunalpolitik hat, möge sich bitte unbedingt den o.g. Termin der Versammlung der Wählergemeinschaft Almdorf mit Kandidatenaufstellung für die Gemeindevertretung schon jetzt notieren und nach Möglichkeit auch zu der Versammlung erscheinen.</p>
<p>Henning Gömer</p>
<p>Wählergemeinschaft Almdorf</p>
<p><strong>Susanne Hansen verstärkt seit Oktober 2019 die Gemeindevertretung Almdorf.</strong> Frances Reuther hatte Ihren Rückzug aus der Almdorfer Gemeindepolitik erklärt.<br />
Susanne Hansen ist neues Mitglied im Kulturausschuss.</p>
<div id="attachment_160" style="width: 235px" class="wp-caption aligncenter"><img loading="lazy" decoding="async" aria-describedby="caption-attachment-160" class="size-medium wp-image-160" src="http://almdorf.de/wp-content/uploads/2020/01/Susanne-Hansen-Vereidigung-e1579305427216-225x300.jpg" alt="" width="225" height="300" srcset="http://almdorf.de/wp-content/uploads/2020/01/Susanne-Hansen-Vereidigung-e1579305427216-225x300.jpg 225w, http://almdorf.de/wp-content/uploads/2020/01/Susanne-Hansen-Vereidigung-e1579305427216-768x1024.jpg 768w" sizes="auto, (max-width: 225px) 100vw, 225px" /><p id="caption-attachment-160" class="wp-caption-text">Susanne Hansen bei der Vereidung durch Bürgermeister Olaf Held</p></div>
<p><strong>Torben Sterner ist das neue Gesicht in der Almdorfer Gemeindevertretung.</strong> Er wurde in der jüngsten Sitzung der Gemeindevertretung Almdorf am 21.08.2019 in das Gremium berufen, da mit dem Wegzug des bisherigen 2. Stellvertretenden Bürgermeisters Janne Clausen ein Nachrücker gebraucht wurde. Janne Clausen war außerdem Mitglied des Bau- und Wegeausschusses, des Kulturausschusses, sowie Stellvertretender Obmann für den Wasserverband Oeversee.</p>
<div id="attachment_148" style="width: 235px" class="wp-caption aligncenter"><img loading="lazy" decoding="async" aria-describedby="caption-attachment-148" class="size-medium wp-image-148" src="http://almdorf.de/wp-content/uploads/2019/08/Olaf-Held-Torben-Sterner-v.l.-e1567198083443-225x300.jpg" alt="" width="225" height="300" srcset="http://almdorf.de/wp-content/uploads/2019/08/Olaf-Held-Torben-Sterner-v.l.-e1567198083443-225x300.jpg 225w, http://almdorf.de/wp-content/uploads/2019/08/Olaf-Held-Torben-Sterner-v.l.-e1567198083443-768x1024.jpg 768w" sizes="auto, (max-width: 225px) 100vw, 225px" /><p id="caption-attachment-148" class="wp-caption-text">Unser Bürgermeister Olaf Held (l) mit Torben Sterner.</p></div>
<p><a href="http://almdorf.de/?attachment_id=84" rel="attachment wp-att-84"><img loading="lazy" decoding="async" class="alignleft size-thumbnail wp-image-84" src="http://almdorf.de/wp-content/uploads/2018/06/P1020080-e1529139837176-150x150.jpg" alt="" width="150" height="150" /></a><strong>Neue Gesichter in Almdorfer Gemeindevertretung</strong></p>
<p>Mit der konstituierenden Sitzung am 12.06.2018 hat Almdorf eine nahezu komplett runderneuerte Gemeindevertretung.</p>
<p>Neuer Bürgermeister ist Olaf Held (siehe Foto links), der Werner Sutter nach 25 Jahren im Amt des Bürgermeisters nachfolgt. <span style="background-color: transparent; color: #444444; display: inline; float: none; font-family: Georgia,&amp;quot; bitstream charter&amp;quot;,serif; font-size: 16px; font-style: normal; font-variant: normal; font-weight: 400; letter-spacing: normal; line-height: 24px; orphans: 2; text-align: left; text-decoration: none; text-indent: 0px; text-transform: none; -webkit-text-stroke-width: 0px; white-space: normal; word-spacing: 0px;">Gewählt in Ihre zukünftigen Aufgaben als erster und zweiter stellvertretender Bürgermeister wurden ferner Stefan Jebe und Janne Clausen.</span></p>
<p>Olaf Held steht ebenfalls dem zukünftigen Finanzausschuss vor, der von Henning Gömer, Dirk Jensen und Michael Drews komplettiert wird.</p>
<p>Den Vorsitz des Bau- und Wegeausschusses übernimmt Max Sönksen. Stefan Jebe, Janne Clausen und Michael Drews sind die weiteren Mitglieder dieses Ausschusses. Max Sönksen wird die Gemeinde auch bei den Versammlungen des Wasserverbands Nord in Oeversee vertreten.</p>
<p>Vorsitzende des Kultur- und Sportausschuss sowie Vertreterin Almdorfs im Orts- und Kulturring ist Ivonne Wieczorek. Weitere Mitglieder des Kultur- und Sportausschusses sind Janne Clausen und Francés Reuther.</p>
<p>Francés Reuther wurde in den Pädagogischen Beirat des Kindergartens Struckum berufen, Henning Gömer wechselt aus diesem in den Kindergarten Finanzausschuss.</p>
<div id="attachment_77" style="width: 650px" class="wp-caption alignnone"><a href="http://almdorf.de/?attachment_id=77" rel="attachment wp-att-77"><img loading="lazy" decoding="async" aria-describedby="caption-attachment-77" class="wp-image-77 size-large" src="http://almdorf.de/wp-content/uploads/2018/06/P1020078-1024x768.jpg" alt="" width="640" height="480" srcset="http://almdorf.de/wp-content/uploads/2018/06/P1020078-1024x768.jpg 1024w, http://almdorf.de/wp-content/uploads/2018/06/P1020078-300x225.jpg 300w, http://almdorf.de/wp-content/uploads/2018/06/P1020078-768x576.jpg 768w" sizes="auto, (max-width: 640px) 100vw, 640px" /></a><p id="caption-attachment-77" class="wp-caption-text">(von links: Michael Drews, Stefan Jebe, Ivonne Wieczorek, Henning Gömer, Max Sönksen, Francés Reuther, Dirk Jensen, Janne Clausen, Olaf Held).</p></div>
<p>Mit der Neubesetzung der Almdorfer Gemeindevertretung -Mit Stefan Jebe und Henning Gömer sind lediglich zwei aus der bisherigen Legislaturperiode noch dabei &#8211; sind acht bisherige Mitglieder ausgeschieden. Im Rahmen der konstituierenden Sitzung wurden diese gebührend durch unseren Neu-Bürgermeister Olaf Held verabschiedet.</p>
<p><a href="http://almdorf.de/?attachment_id=76" rel="attachment wp-att-76"><img loading="lazy" decoding="async" class="alignleft size-medium wp-image-76" src="http://almdorf.de/wp-content/uploads/2018/06/P1020076-300x225.jpg" alt="" width="300" height="225" srcset="http://almdorf.de/wp-content/uploads/2018/06/P1020076-300x225.jpg 300w, http://almdorf.de/wp-content/uploads/2018/06/P1020076-768x576.jpg 768w, http://almdorf.de/wp-content/uploads/2018/06/P1020076-1024x768.jpg 1024w" sizes="auto, (max-width: 300px) 100vw, 300px" /></a></p>
<p>(von links: Werner Sutter, Dirk Henning Thönsen, Wolfgang Grapentin, Tobias Maeck, Irmgard Kutzbach, Helmut Kaiser, Jens-Heinrich Hansen; Es fehlt Nadine Jensen)</p>

<p>Zusammensetzung der Gemeindevertretung in der Legislatur 2023 &#8211; 2028 (mit Nennung der Ausschüsse : Kultur- und Sport &#8211; Finanzen &#8211; Bau &amp; Wege Die Wählerversammlung am 20.Februar 2023 hat stattgefunden und folgende Kandidaten für die Liste der WGA bestimmt: Für &hellip; <a href="http://almdorf.de/?page_id=2">Weiterlesen <span class="meta-nav">&rarr;</span></a></p>
