{"id":25,"date":"2016-04-16T23:24:22","date_gmt":"2016-04-16T23:24:22","guid":{"rendered":"http:\/\/almdorf.de\/?page_id=25"},"modified":"2025-06-27T10:39:51","modified_gmt":"2025-06-27T10:39:51","slug":"dorfflohmarkt-2016","status":"publish","type":"page","link":"http:\/\/almdorf.de\/?page_id=25","title":{"rendered":"Unser Dorfflohmarkt"},"content":{"rendered":"\n<p><\/p>\n\n\n\n<p>Der 9. Almdorfer Dorfflohmarkt hat bei bestem Wetter stattgefunden. \u00dcber 30 teilnehmende Haushalte waren dabei und konnten sich \u00fcber unz\u00e4hlige Besucherinnen und Besucher aus Nah und Fern erfreuen. <\/p>\n\n\n\n<p>Neben den Fahrrad und Gehweg-Besuchern aus den Nachbarorten wurden auch viele PKW, teilweise sogar von au\u00dferhalb Nordfrieslands beobachtet werden.<\/p>\n\n\n\n<p>Vielen Dank f\u00fcr die gute Beteiligung sagt das Orga-Team (Thasima und Henning).<\/p>\n\n\n\n<p><\/p>\n\n\n\n<figure class=\"wp-block-image size-large\"><img loading=\"lazy\" decoding=\"async\" width=\"1024\" height=\"613\" src=\"http:\/\/almdorf.de\/wp-content\/uploads\/2025\/06\/Standplan2025-1024x613.jpg\" alt=\"\" class=\"wp-image-356\" srcset=\"http:\/\/almdorf.de\/wp-content\/uploads\/2025\/06\/Standplan2025-1024x613.jpg 1024w, http:\/\/almdorf.de\/wp-content\/uploads\/2025\/06\/Standplan2025-300x180.jpg 300w, http:\/\/almdorf.de\/wp-content\/uploads\/2025\/06\/Standplan2025-768x460.jpg 768w, http:\/\/almdorf.de\/wp-content\/uploads\/2025\/06\/Standplan2025.jpg 1194w\" sizes=\"auto, (max-width: 1024px) 100vw, 1024px\" \/><\/figure>\n\n\n<p>Der <strong>9. Private Dorfflohmarkt<\/strong> findet am 22. Juni 2025 von 09:00 bis 16:00 statt. Auf dieser Seite werden in den Wochen bis zur Veranstaltung die Informationen ver\u00f6ffentlicht.\u00a0<\/p>\n<p>Anmeldungen bitte per Mail (unter Nennung von Name, Stra\u00dfe und Hausnummer:<\/p>\n<p><a href=\"mailto:flohmarkt@almdorf.de\">flohmarkt@almdorf.de<\/a><\/p>\n<p>Auf dem eigenen Grundst\u00fcck und auf eigene Verantwortung kann jeder Haushalt einen privaten Verkaufsstand aufbauen \u2013 Garten, Garage oder Auffahrt, alles passt. \u00d6ffentliche Verkehrswege d\u00fcrfen durch die St\u00e4nde wegen des Verkehrsaufkommens von au\u00dferhalb auf keinen Fall belegt werden. Standgeb\u00fchren oder \u00e4hnliches fallen nicht an. Kommerzielle Anbieter d\u00fcrfen nicht teilnehmen.<\/p>\n<p>Bitte bis sp\u00e4testens 12 Uhr am 20.Juni 2025 mit Name, Stra\u00dfe und Hausnummer sowie einer Mailadresse anmelden. Letztere f\u00fcr den Fall, dass sich eine sehr kurzfristige Ver\u00e4nderung ergibt und das Orgateam die Teilnehmenden erreichen muss.<\/p>\n<p>Die Aktion wird mit Plakaten, \u00fcber die Presse sowie im Internet beworben. Gebt den Termin gerne im Freundes- oder Kollegenkreis weiter!<\/p>\n<p>F\u00fcr Fragen und Anregungen stehen wir euch\/Ihnen gerne zur Verf\u00fcgung.<\/p>\n<p>Es gr\u00fc\u00dft herzlich das Orgateam f\u00fcr den Dorfflohmarkt\u00a0<\/p>\n<p>Thasima und Henning<\/p>\n<p>&nbsp;<\/p>\n<h1 align=\"center\">\u00a0<\/h1>\n<h1 align=\"center\">\u00a0<\/h1>\n<h1 align=\"center\">\u00a0<\/h1>\n<p align=\"LEFT\">\n\n\n<p><\/p>\n","protected":false},"excerpt":{"rendered":"<p>Der 9. Almdorfer Dorfflohmarkt hat bei bestem Wetter stattgefunden. \u00dcber 30 teilnehmende Haushalte waren dabei und konnten sich \u00fcber unz\u00e4hlige Besucherinnen und Besucher aus Nah und Fern erfreuen. Neben den Fahrrad und Gehweg-Besuchern aus den Nachbarorten wurden auch viele PKW, &hellip; <a href=\"http:\/\/almdorf.de\/?page_id=25\">Weiterlesen <span class=\"meta-nav\">&rarr;<\/span><\/a><\/p>\n","protected":false},"author":1,"featured_media":0,"parent":0,"menu_order":0,"comment_status":"closed","ping_status":"closed","template":"","meta":{"footnotes":""},"class_list":["post-25","page","type-page","status-publish","hentry"],"_links":{"self":[{"href":"http:\/\/almdorf.de\/index.php?rest_route=\/wp\/v2\/pages\/25","targetHints":{"allow":["GET"]}}],"collection":[{"href":"http:\/\/almdorf.de\/index.php?rest_route=\/wp\/v2\/pages"}],"about":[{"href":"http:\/\/almdorf.de\/index.php?rest_route=\/wp\/v2\/types\/page"}],"author":[{"embeddable":true,"href":"http:\/\/almdorf.de\/index.php?rest_route=\/wp\/v2\/users\/1"}],"replies":[{"embeddable":true,"href":"http:\/\/almdorf.de\/index.php?rest_route=%2Fwp%2Fv2%2Fcomments&post=25"}],"version-history":[{"count":36,"href":"http:\/\/almdorf.de\/index.php?rest_route=\/wp\/v2\/pages\/25\/revisions"}],"predecessor-version":[{"id":363,"href":"http:\/\/almdorf.de\/index.php?rest_route=\/wp\/v2\/pages\/25\/revisions\/363"}],"wp:attachment":[{"href":"http:\/\/almdorf.de\/index.php?rest_route=%2Fwp%2Fv2%2Fmedia&parent=25"}],"curies":[{"name":"wp","href":"https:\/\/api.w.org\/{rel}","templated":true}]}}

<p></p>



<p>Der 9. Almdorfer Dorfflohmarkt hat bei bestem Wetter stattgefunden. Über 30 teilnehmende Haushalte waren dabei und konnten sich über unzählige Besucherinnen und Besucher aus Nah und Fern erfreuen. </p>



<p>Neben den Fahrrad und Gehweg-Besuchern aus den Nachbarorten wurden auch viele PKW, teilweise sogar von außerhalb Nordfrieslands beobachtet werden.</p>



<p>Vielen Dank für die gute Beteiligung sagt das Orga-Team (Thasima und Henning).</p>



<p></p>



<figure class="wp-block-image size-large"><img loading="lazy" decoding="async" width="1024" height="613" src="http://almdorf.de/wp-content/uploads/2025/06/Standplan2025-1024x613.jpg" alt="" class="wp-image-356" srcset="http://almdorf.de/wp-content/uploads/2025/06/Standplan2025-1024x613.jpg 1024w, http://almdorf.de/wp-content/uploads/2025/06/Standplan2025-300x180.jpg 300w, http://almdorf.de/wp-content/uploads/2025/06/Standplan2025-768x460.jpg 768w, http://almdorf.de/wp-content/uploads/2025/06/Standplan2025.jpg 1194w" sizes="auto, (max-width: 1024px) 100vw, 1024px" /></figure>


<p>Der <strong>9. Private Dorfflohmarkt</strong> findet am 22. Juni 2025 von 09:00 bis 16:00 statt. Auf dieser Seite werden in den Wochen bis zur Veranstaltung die Informationen veröffentlicht. </p>
<p>Anmeldungen bitte per Mail (unter Nennung von Name, Straße und Hausnummer:</p>
<p><a href="mailto:flohmarkt@almdorf.de">flohmarkt@almdorf.de</a></p>
<p>Auf dem eigenen Grundstück und auf eigene Verantwortung kann jeder Haushalt einen privaten Verkaufsstand aufbauen – Garten, Garage oder Auffahrt, alles passt. Öffentliche Verkehrswege dürfen durch die Stände wegen des Verkehrsaufkommens von außerhalb auf keinen Fall belegt werden. Standgebühren oder ähnliches fallen nicht an. Kommerzielle Anbieter dürfen nicht teilnehmen.</p>
<p>Bitte bis spätestens 12 Uhr am 20.Juni 2025 mit Name, Straße und Hausnummer sowie einer Mailadresse anmelden. Letztere für den Fall, dass sich eine sehr kurzfristige Veränderung ergibt und das Orgateam die Teilnehmenden erreichen muss.</p>
<p>Die Aktion wird mit Plakaten, über die Presse sowie im Internet beworben. Gebt den Termin gerne im Freundes- oder Kollegenkreis weiter!</p>
<p>Für Fragen und Anregungen stehen wir euch/Ihnen gerne zur Verfügung.</p>
<p>Es grüßt herzlich das Orgateam für den Dorfflohmarkt </p>
<p>Thasima und Henning</p>
<p>&nbsp;</p>
<h1 align="center"> </h1>
<h1 align="center"> </h1>
<h1 align="center"> </h1>
<p align="LEFT">


<p></p>

<p>Der 9. Almdorfer Dorfflohmarkt hat bei bestem Wetter stattgefunden. Über 30 teilnehmende Haushalte waren dabei und konnten sich über unzählige Besucherinnen und Besucher aus Nah und Fern erfreuen. Neben den Fahrrad und Gehweg-Besuchern aus den Nachbarorten wurden auch viele PKW, &hellip; <a href="http://almdorf.de/?page_id=25">Weiterlesen <span class="meta-nav">&rarr;</span></a></p>
